0
What is the millions digit of 1907529194?
7
What is the millions digit of 1393690702?
3
What is the millions digit of 4845243127?
5
What is the millions digit of 41047733?
1
What is the tens digit of 226470586?
8
What is the ten millions digit of 93352984?
9
What is the ten thousands digit of 119462265?
6
What is the hundred millions digit of 380378215?
3
What is the ten millions digit of 178744625?
7
What is the ten thousands digit of 129379887?
7
What is the tens digit of 974977430?
3
What is the hundred thousands digit of 448748690?
7
What is the hundred millions digit of 1268754178?
2
What is the units digit of 152150017?
7
What is the hundred thousands digit of 279694255?
6
What is the hundred millions digit of 797671343?
7
What is the millions digit of 15491515?
5
What is the millions digit of 32158481?
2
What is the hundreds digit of 11266905?
9
What is the units digit of 243352792?
2
What is the units digit of 441217121?
1
What is the hundred thousands digit of 154558679?
5
What is the tens digit of 624702858?
5
What is the thousands digit of 1070246524?
6
What is the tens digit of 1530034369?
6
What is the ten millions digit of 434288397?
3
What is the thousands digit of 438826318?
6
What is the hundreds digit of 55225183?
1
What is the hundreds digit of 67760705?
7
What is the units digit of 669062160?
0
What is the tens digit of 3614954323?
2
What is the hundred thousands digit of 15355461?
3
What is the thousands digit of 205419087?
9
What is the ten thousands digit of 83211181?
1
What is the tens digit of 41547832?
3
What is the ten millions digit of 2253731753?
5
What is the hundreds digit of 1538396680?
6
What is the tens digit of 440339999?
9
What is the hundreds digit of 287658525?
5
What is the thousands digit of 1621493140?
3
What is the ten millions digit of 58369192?
5
What is the units digit of 60564395?
5
What is the hundred millions digit of 337117060?
3
What is the thousands digit of 2044422851?
2
What is the units digit of 3849369734?
4
What is the hundred millions digit of 1343913164?
3
What is the hundred millions digit of 214003705?
2
What is the hundreds digit of 2194357827?
8
What is the hundreds digit of 9246694?
6
What is the hundred millions digit of 808780888?
8
What is the ten millions digit of 2720084625?
2
What is the ten thousands digit of 386083911?
8
What is the hundred thousands digit of 385595131?
5
What is the tens digit of 194219356?
5
What is the hundred millions digit of 408125511?
4
What is the ten millions digit of 94154471?
9
What is the ten millions digit of 523083182?
2
What is the hundred thousands digit of 1478910915?
9
What is the ten millions digit of 68019600?
6
What is the hundreds digit of 97711187?
1
What is the units digit of 1458454993?
3
What is the ten millions digit of 37689621?
3
What is the thousands digit of 510602531?
2
What is the units digit of 3463070?
0
What is the ten thousands digit of 1429995439?
9
What is the units digit of 30498675?
5
What is the tens digit of 621440757?
5
What is the units digit of 960788128?
8
What is the millions digit of 545885200?
5
What is the units digit of 150673833?
3
What is the units digit of 63637352?
2
What is the hundreds digit of 8662679?
6
What is the ten thousands digit of 57250538?
5
What is the tens digit of 81870899?
9
What is the thousands digit of 482764984?
4
What is the ten thousands digit of 69654386?
5
What is the units digit of 1110747164?
4
What is the thousands digit of 76622860?
2
What is the ten thousands digit of 33766898?
6
What is the units digit of 6097459573?
3
What is the ten thousands digit of 59989233?
8
What is the hundred thousands digit of 2889469664?
4
What is the millions digit of 6317457?
6
What is the millions digit of 95509423?
5
What is the hundreds digit of 82665284?
2
What is the ten millions digit of 298627124?
9
What is the tens digit of 579972566?
6
What is the hundreds digit of 6826621456?
4
What is the ten thousands digit of 2520475336?
7
What is the thousands digit of 263457086?
7
What is the tens digit of 47206094?
9
What is the ten thousands digit of 2175622?
7
What is the thousands digit of 629981264?
1
What is the hundred thousands digit of 1605484933?
4
What is the tens digit of 1074873689?
8
What is the hundred thousands digit of 93739331?
7
What is the units digit of 59111893?
3
What is the thousands digit of 1458166604?
6
What is the hundred millions digit of 3325925783?
3
What is the ten millions digit of 368642081?
6
What is the millions digit of 305735958?
5
What is the tens digit of 43630706?
0
What is the hundred thousands digit of 1591409446?
4
What is the millions digit of 2933687236?
3
What is the billions digit of 1254451033?
1
What is the hundred thousands digit of 84774059?
7
What is the ten millions digit of 616256057?
1
What is the hundreds digit of 23160990?
9
What is the ten millions digit of 2358484517?
5
What is the ten thousands digit of 7308871551?
7
What is the tens digit of 212974118?
1
What is the ten thousands digit of 229700062?
0
What is the ten millions digit of 110831784?
1
What is the hundreds digit of 749577761?
7
What is the hundred millions digit of 117360259?
1
What is the thousands digit of 1350755394?
5
What is the millions digit of 28836263?
8
What is the hundred thousands digit of 73342157?
3
What is the ten millions digit of 843100345?
4
What is the ten millions digit of 226015670?
2
What is the units digit of 35544552?
2
What is the ten thousands digit of 133070221?
7
What is the ten thousands digit of 127490253?
9
What is the thousands digit of 761666645?
6
What is the hundreds digit of 2580764223?
2
What is the tens digit of 331561880?
8
What is the hundred thousands digit of 207143342?
1
What is the hundreds digit of 275850941?
9
What is the tens digit of 111002266?
6
What is the tens digit of 44136449?
4
What is the thousands digit of 5703955?
3
What is the hundreds digit of 39139385?
3
What is the ten millions digit of 83137243?
8
What is the units digit of 1395608743?
3
What is the hundreds digit of 11459809?
8
What is the hundred thousands digit of 21555405?
5
What is the millions digit of 18721469?
8
What is the ten thousands digit of 284713692?
1
What is the ten millions digit of 229375052?
2
What is the units digit of 47786588?
8
What is the millions digit of 1061484843?
1
What is the hundreds digit of 1658990647?
6
What is the ten millions digit of 438995942?
3
What is the millions digit of 137375193?
7
What is the millions digit of 152061477?
2
What is the hundreds digit of 126046628?
6
What is the ten thousands digit of 28556160?
5
What is the hundreds digit of 1548591299?
2
What is the billions digit of 1064730705?
1
What is the units digit of 161804559?
9
What is the ten thousands digit of 51178204?
7
What is the tens digit of 46249543?
4
What is the ten thousands digit of 24859548?
5
What is the hundreds digit of 378402545?
5
What is the hundred millions digit of 223724225?
2
What is the ten millions digit of 361922086?
6
What is the billions digit of 4023190825?
4
What is the ten thousands digit of 181511441?
1
What is the ten millions digit of 2485964638?
8
What is the billions digit of 8565356459?
8
What is the ten thousands digit of 236578403?
7
What is the tens digit of 140396501?
0
What is the units digit of 283511916?
6
What is the hundred millions digit of 410981438?
4
What is the hundred thousands digit of 2098171388?
1
What is the ten millions digit of 62612803?
6
What is the ten thousands digit of 14580362?
8
What is the tens digit of 77523282?
8
What is the tens digit of 1671481908?
0
What is the tens digit of 157810320?
2
What is the millions digit of 1530343550?
0
What is the hundreds digit of 809652504?
5
What is the thousands digit of 1442970273?
0
What is the thousands digit of 255026290?
6
What is the hundred millions digit of 695929121?
6
What is the hundred thousands digit of 382265344?
2
What is the ten thousands digit of 392734847?
3
What is the millions digit of 150394440?
0
What is the millions digit of 373547572?
3
What is the tens digit of 147119066?
6
What is the hundred thousands digit of 242668165?
6
What is the ten millions digit of 153199956?
5
What is the hundred millions digit of 161922631?
1
Wh